e factors of c?
2, 71
Suppose -9 = -10*r + 41. Suppose -3*z - 18*n + 19*n = -4550, 7600 = r*z - 5*n. List the prime factors of z.
3, 5, 101
Let d(m) = 181*m**2 - 42*m - 233. What are the prime factors of d(-7)?
2, 5, 19, 47
Let g = 39 - 54. Let t(u) = -u**2 - 18*u - 27. Let p be t(g). Suppose 3*k - 117 = p. List the prime factors of k.
3, 5
Let a = 375 + 97. List the prime factors of a.
2, 59
Suppose 5*h = 7 - 2. What are the prime factors of 560 - (-4 + 4) - h?
13, 43
Let h(r) = 19099*r**3 + r**2 + 11*r - 11. What are the prime factors of h(1)?
2, 5, 191
Let h(r) = 28 - 4*r + 0*r - 1 + 68*r. Let w be h(8). Suppose 4*u - 529 = -3*i, 2*u = -0*i - 3*i + w. What are the prime factors of i?
3, 61
Let s be (10/(-4))/(-5)*(0 + 0). Suppose -r = -s*r, -3*r - 9 = -3*h. Suppose w - h*w + 6 = 0, 0 = -2*q + 4*w + 264. What are the prime factors of q?
2, 3, 23
Suppose -2*t + 16 = -66. Let x = 220 - t. What are the prime factors of x?
179
Let v = -590 + 592. Suppose 0 = -3*a + 2*a + 426. Suppose -r + v*r = -h + 104, -h - a = -4*r. What are the prime factors of r?
2, 53
Let b be 11 + -12 + 1/((-2)/(-192)). Suppose b = 8*i - 97. What are the prime factors of (231/9)/(8/i)?
7, 11
Suppose -5*i = -41 + 51. Let w be (-1)/(-2)*i - (-1 - -6). List the prime factors of (-2 - -15)/(w/(-24)).
2, 13
Suppose 6822*a - 6812*a = 111350. List the prime factors of a.
5, 17, 131
List the prime factors of ((-41155)/(-35))/(6/42).
8231
Suppose -2*d = -p - 15, -4*p + 23 = 3*d - 5. Suppose d*v = 6*v. Suppose 4*l + q - 58 = v, -3*q - 17 - 5 = -2*l. List the prime factors of l.
2, 7
Let c = 56493 + -26327. List the prime factors of c.
2, 15083
Suppose 5*n = -11*z + 66925, -53574 - 13426 = -5*n + 4*z. List the prime factors of n.
2, 17, 197
Suppose 4*m + 14 = -2*n, -2*m + 19 = -4*m + 3*n. Let l(c) = -c**3 - 6*c**2 - 5*c - 5. Let h be l(m). What are the prime factors of (0/h + 103)/1?
103
Let t = 102 + -100. What are the prime factors of -2 - t*(2 + -1)*-64?
2, 3, 7
Suppose 0 = -h + 4404 + 3607. List the prime factors of h.
8011
List the prime factors of 8220/45*(-5 - (-3665)/10).
2, 137, 241
Let d be 0 + 0 - 275/(-11). Suppose -d = -k - 18. Suppose -5*t + k*t = 188. What are the prime factors of t?
2, 47
Let h(d) = 6*d**2 - 13*d - 11. Let x be h(15). Suppose 19*g = 21*g - x. List the prime factors of g.
2, 11, 13
Let z = 30224 - 18842. What are the prime factors of z?
2, 3, 7, 271
Let d = -225 + 233. Suppose 22*z - d*z = 4886. List the prime factors of z.
349
Let f(r) = 811*r**2 - 166*r - 3. List the prime factors of f(4).
3, 11, 373
Let h = -93 + 97. Suppose -h*f - 66 = -62. List the prime factors of (-2220)/(-20) + 0 + f.
2, 5, 11
Suppose 98 = 29*y - 22*y. Let n(v) = -v**2 + 27*v - 83. List the prime factors of n(y).
3, 11
Let g(f) = f**2 + 14*f + 76. Let c be g(-5). Suppose -c*h = 10*h - 2255. List the prime factors of h.
5, 11
Suppose o - r + 4 = 0, 5 = -3*o + 7*o + 3*r. Let j(z) = 87*z + 71*z - 159*z + 78*z**2. List the prime factors of j(o).
79
Let i(y) = 28*y**3 - 2*y**2 + 5*y + 2. Let c be i(-3). Let z = -442 - c. List the prime factors of z.
3, 5, 23
List the prime factors of (-9 + -2 + 7)/(7 + 348220/(-49745)).
2, 9949
Suppose -3*a - 138 + 147 = 0. Suppose 5*w - 341 = 2*y - 1154, w = -a*y + 1262. List the prime factors of y.
419
Suppose 932 = 4*k - 2332. Suppose 0 = 3*v, -i + 2*v - 7*v + k = 0. What are the prime factors of i?
2, 3, 17
Let p = 204 - 210. What are the prime factors of 1884 - (6/p + -1)*2?
2, 59
Suppose 2*h + 0*h - 6 = b, 2*h + 14 = -4*b. Let p be h/(295/75 - 4). Let y(u) = u + 49. List the prime factors of y(p).
2, 17
Let p be (184/20)/(4/(-40)). Let k = p - -304. Suppose -4*c = -168 - k. What are the prime factors of c?
5, 19
Let o(b) = -4711*b + 127. What are the prime factors of o(-1)?
2, 41, 59
Suppose 0 = 2*b + 2*d + 46, -5*d - 1 + 38 = -3*b. List the prime factors of (b/4 - -1)/(74/(-1776)).
2, 3, 5
Let w be ((-49)/(-14) + -4)/((-2)/(-8)). List the prime factors of 29541/86 + (2/2)/w.
7
Suppose 3*k = -4*o + 20, 2*k - 10 - 5 = -3*o. Suppose 0 = 5*c + s - 2621, 0 = -c - 8*s + o*s + 513. What are the prime factors of c?
3, 5, 7
Let p(j) = -2888*j + 3085. List the prime factors of p(-3).
31, 379
Let n(i) = 4*i**2 + 9*i + 19. Let u(h) = 4*h + 25. Let z be u(-8). List the prime factors of n(z).
2, 19
Suppose 2*f + 4*f = -4*f. Suppose -z + 3*k + 811 = 0, 3*z - 6*k + 8*k - 2411 = f. List the prime factors of z.
5, 7, 23
Suppose 817*m - 720252 = 410*m + 388*m. What are the prime factors of m?
2, 3, 13
Suppose 3*o = 2*n + 1841, -3 = 4*n + 1. Let x = o + -396. What are the prime factors of x?
7, 31
Suppose -o - 2*o + 3*g = -141, 2*o - 102 = 4*g. Let p = -31 + o. Suppose -7*u - 515 = -p*u. List the prime factors of u.
103
Suppose 0 = -2*y + 16*y. Suppose y = 2*p - 874 - 172. What are the prime factors of p?
523
Let i = 14 - 10. Let r(d) = -30*d + 15*d + 3*d + 19*d + 17*d - 4. What are the prime factors of r(i)?
2, 23
Suppose -6*a = -16406 - 67534. Suppose -26*b - 2472 = -a. List the prime factors of b.
443
Suppose 2*q + 602 = 2*k - 2*q, 1505 = 5*k + 4*q. Suppose -k = -2*f + 633. List the prime factors of f.
467
Suppose -3*v + 13 = 1, -5*v = -5*k + 4205. Let g = -490 + k. List the prime factors of g.
5, 71
What are the prime factors of (1462*((-34)/5 + 7))/((-2)/(-10))?
2, 17, 43
Let r(x) be the third derivative of 13*x**6/120 - 13*x**5/60 + 13*x**4/24 - 2*x**3 - 132*x**2. What are the prime factors of r(5)?
3, 11, 41
Let x = 525 - 188. Suppose -686 - x = -3*l. List the prime factors of l.
11, 31
Suppose 0 = -3*n + 5*p + 49732, -2429*n - 5*p = -2427*n - 33113. What are the prime factors of n?
3, 7, 263
Let b = 1480 + -1484. Let z be (1 - -1) + 0 - 240. Let x = b - z. What are the prime factors of x?
2, 3, 13
Let w(d) = -d**3 - 9*d**2 + 73*d + 34. Let z be w(-14). Let y(i) = -i**2 + 5*i - 4. Let m be y(3). List the prime factors of (-2695)/(-20) - m/z - 3.
2, 3, 11
Let h(a) = -a**3 - 31*a**2 - 110*a + 25. What are the prime factors of h(-34)?
3, 2411
Suppose -14*o + 13*o + 179730 = 14*o. List the prime factors of o.
2, 3, 1997
Suppose 3*h + 7582 = 4*c, 5*c - h + 3*h = 9466. List the prime factors of c.
2, 947
Let w(l) = 3*l**2 - 20*l. Let c be w(5). Let x = 60 - c. What are the prime factors of x?
5, 17
Let r(c) = -2*c**3 - 43*c**2 + 18*c - 83. Let g be r(-22). Suppose -3*p - 4*j + 2268 = -901, g*p - 3*j - 5272 = 0. What are the prime factors of p?
5, 211
Let z = -2 - -4. Let d(j) be the third derivative of j**6/10 - j**5/20 + j**4/6 - j**3/2 - 55*j**2 + 3*j. List the prime factors of d(z).
89
Let q(h) = 2*h**3 - 62*h**2 - 77*h + 78. List the prime factors of q(35).
11, 653
Let b be 5*(-6)/5*(-2)/(-4). Let a be (540/(-4))/(-1) - b/3. What are the prime factors of 6/(-18) + a/12?
11
Let u be 5 + -8 + 11 + -5. Suppose -u*k - f + 7 = -33, 2*k - 27 = -f. What are the prime factors of k?
13
Let r be (14 + (3 - 3))/((-8)/(-16)). Suppose 22*c + 2226 = r*c. List the prime factors of c.
7, 53
List the prime factors of 5165 + (2/(-6))/(21/504).
3, 191
Let h = 561 + -611. Let l = -3 + 4. List the prime factors of (18 + h)/(-2*l).
2
List the prime factors of 1/((-3)/(-7 - 16334)).
13, 419
Let s(i) = i + 3. Suppose 3*t - 4*r + 3 + 4 = 0, -5*t - 4 = r. Let k be s(t). Suppose 5*f - 259 = 3*h, -k*f + 5*h - 3 = -99. What are the prime factors of f?
53
Suppose -2*f = 2*m - 81764, -204354 = -263*m + 258*m + 3*f. List the prime factors of m.
3, 5, 109
Suppose 2*i + 5*y = 815, 0 = -i + 4*y + y + 385. Suppose -578 = -3*d + n + 552, -5*n = -d + i. What are the prime factors of d?
3, 5
What are the prime factors of ((-10)/(-6) - 3)*-3 - -7094?
2, 3, 7, 13
Let z = 4523 - 2573. Suppose -20*m - z = -25*m. Suppose 234 = 3*n - 5*u, -2*n = 3*n + u - m. What are the prime factors of n?
2, 3, 13
Let r(d) = d**2 + 5*d - 9. Let k = 0 - 7. Let s be r(k). Suppose -s*b - 3*m + 688 = 0, 3*m + 50 = b - 102. What are the prime factors of b?
2, 5, 7
Suppose -4119 = -41*g + 80464. List the prime factors of g.
2063
Let s(g) = 3*g**2 - 215*g + 600. List the prime factors of s(121).
2, 7, 661
Let q(t) = 14*t - 41. Let h be q(7). Suppose 52*s - h*s + 2890 = 0. What are the prime factors of s?
2, 17
Suppose 9*l + 1363 = -1589. Let i = -36 - l. What are the prime factors of i?
2, 73
Let w = -88 + 955. What 